{"id":1948,"date":"2021-10-03T10:30:24","date_gmt":"2021-10-03T08:30:24","guid":{"rendered":"https:\/\/oxsa.ch\/temp\/?page_id=1948"},"modified":"2021-10-03T10:33:55","modified_gmt":"2021-10-03T08:33:55","slug":"studio","status":"publish","type":"page","link":"https:\/\/oxsa.ch\/temp\/studio\/","title":{"rendered":"Studio"},"content":{"rendered":"<p>[vc_row][vc_column]\n\t\t\t<div class=\"row\">\n\t\t\t\t\t\t\t\t<div class=\"col s12 m4 l4\">\n\t\t\t\t\t<article class=\"qt-part-archive-item qt-post qt-carditem qt-card qt-paper qt-interactivecard qt-scrollbarstyle post-1975 post type-post status-publish format-standard has-post-thumbnail hentry category-music-production category-studio\">\n\t<div class=\"qt-iteminner\">\n\t\t<div class=\"qt-imagelink\" data-activatecard>\n\t\t\t<span class=\"qt-header-bg\" data-bgimage=\"https:\/\/oxsa.ch\/temp\/wp-content\/uploads\/2021\/10\/Patrick-Oxsa-Studio-Shooting-0037-2-504x756.jpg\" data-parallax=\"0\" data-attachment=\"local\">\n\t\t\t<\/span>\n\t\t<\/div>\n\t\t<header class=\"qt-header\">\n\t\t\t<div class=\"qt-headings\" data-activatecard>\n\t\t\t\t<span class=\"qt-tags\">\n\t\t\t\t\t<a href=\"https:\/\/oxsa.ch\/temp\/category\/music-production\/\">Music Production<\/a>\t\t\t\t<\/span>\n\t\t\t\t<h3 class=\"qt-title\">Sound Design \/ Habillage sonore<\/h3>\n\t\t\t\t<span class=\"qt-details qt-item-metas\">\n\t\t\t\t\toxsa | 29 septembre 2021\t\t\t\t<\/span>\n\t\t\t\t<span class=\"qt-capseparator\"><\/span>\n\t\t\t\t<i class=\"material-icons qt-close\">close<\/i>\n\t\t\t<\/div>\n\n\t\t\t<div class=\"qt-actionbtn fixed-action-btn horizontal click-to-toggle\">\n\t\t\t\t<a href=\"https:\/\/oxsa.ch\/temp\/2021\/09\/29\/sound-design-habillage-sonore\/\" class=\"btn-floating btn-large qt-btn-primary\">\n\t\t\t\t\t<i class=\"material-icons\">add<\/i>\n\t\t\t\t<\/a>\n\t\t\t<\/div>\n\t\t\t<i class=\"material-icons qt-ho\" data-activatecard>keyboard_arrow_down<\/i>\n\t\t<\/header>\n\t\t<span data-color=\"#ff0f53\" class=\"qt-animation\"><\/span>\n\t\t<div class=\"qt-content\">\n\t\t\t<div class=\"qt-summary\">\n\t\t\t\t<p>La musique offre une \u00e9motion pendant que le timbre qui illustre l&rsquo;image. Le timbre des instruments acoustique sont d\u00e9finissable, autant que les bruit de la nature et que les sons du quotidien. J&rsquo;aime peindre et modeler le son en m\u00e9langeant diverses techniques. de caricature<\/p>\n\t\t\t<\/div>\n\t\t\t<footer class=\"qt-item-metas\">\n\t\t\t\t<a href=\"https:\/\/oxsa.ch\/temp\/2021\/09\/29\/sound-design-habillage-sonore\/\">Read more <i class='material-icons'>arrow_forward<\/i><\/a>\n\t\t\t<\/footer>\n\t\t<\/div>\n\t<\/div>\n<\/article>\t\t\t\t<\/div>\n\t\t\t\t\t\t\t\t<div class=\"col s12 m4 l4\">\n\t\t\t\t\t<article class=\"qt-part-archive-item qt-post qt-carditem qt-card qt-paper qt-interactivecard qt-scrollbarstyle post-1 post type-post status-publish format-standard has-post-thumbnail hentry category-music-production category-studio\">\n\t<div class=\"qt-iteminner\">\n\t\t<div class=\"qt-imagelink\" data-activatecard>\n\t\t\t<span class=\"qt-header-bg\" data-bgimage=\"https:\/\/oxsa.ch\/temp\/wp-content\/uploads\/2021\/10\/Patrick-Oxsa-Studio-Shooting-0051-2-756x508.jpg\" data-parallax=\"0\" data-attachment=\"local\">\n\t\t\t<\/span>\n\t\t<\/div>\n\t\t<header class=\"qt-header\">\n\t\t\t<div class=\"qt-headings\" data-activatecard>\n\t\t\t\t<span class=\"qt-tags\">\n\t\t\t\t\t<a href=\"https:\/\/oxsa.ch\/temp\/category\/music-production\/\">Music Production<\/a>\t\t\t\t<\/span>\n\t\t\t\t<h3 class=\"qt-title\">Composition \/ Arrangement<\/h3>\n\t\t\t\t<span class=\"qt-details qt-item-metas\">\n\t\t\t\t\tboris | 28 septembre 2021\t\t\t\t<\/span>\n\t\t\t\t<span class=\"qt-capseparator\"><\/span>\n\t\t\t\t<i class=\"material-icons qt-close\">close<\/i>\n\t\t\t<\/div>\n\n\t\t\t<div class=\"qt-actionbtn fixed-action-btn horizontal click-to-toggle\">\n\t\t\t\t<a href=\"https:\/\/oxsa.ch\/temp\/2021\/09\/28\/bonjour-tout-le-monde\/\" class=\"btn-floating btn-large qt-btn-primary\">\n\t\t\t\t\t<i class=\"material-icons\">add<\/i>\n\t\t\t\t<\/a>\n\t\t\t<\/div>\n\t\t\t<i class=\"material-icons qt-ho\" data-activatecard>keyboard_arrow_down<\/i>\n\t\t<\/header>\n\t\t<span data-color=\"#ff0f53\" class=\"qt-animation\"><\/span>\n\t\t<div class=\"qt-content\">\n\t\t\t<div class=\"qt-summary\">\n\t\t\t\t<p>J&rsquo;improvise la musique depuis tout petit et je compose sur machine depuis plus de 20ans. Mon plus vielle ami est ce piano droit chez mes parents, par lequel j&rsquo;ai d\u00e9couvert ce fantastique terrain jeux harmonique. Puis la musique assist\u00e9 par ordinateur m&rsquo;a ouvert des possibilit\u00e9s de compositions extraordinaires. Depuis toujours, [&hellip;]<\/p>\n\t\t\t<\/div>\n\t\t\t<footer class=\"qt-item-metas\">\n\t\t\t\t<a href=\"https:\/\/oxsa.ch\/temp\/2021\/09\/28\/bonjour-tout-le-monde\/\">Read more <i class='material-icons'>arrow_forward<\/i><\/a>\n\t\t\t<\/footer>\n\t\t<\/div>\n\t<\/div>\n<\/article>\t\t\t\t<\/div>\n\t\t\t\t\t\t\t\t<div class=\"col s12 m4 l4\">\n\t\t\t\t\t<article class=\"qt-part-archive-item qt-post qt-carditem qt-card qt-paper qt-interactivecard qt-scrollbarstyle post-1969 post type-post status-publish format-standard has-post-thumbnail hentry category-music-production category-studio\">\n\t<div class=\"qt-iteminner\">\n\t\t<div class=\"qt-imagelink\" data-activatecard>\n\t\t\t<span class=\"qt-header-bg\" data-bgimage=\"https:\/\/oxsa.ch\/temp\/wp-content\/uploads\/2021\/10\/Patrick-Oxsa-Studio-Shooting-0039-2-756x511.jpg\" data-parallax=\"0\" data-attachment=\"local\">\n\t\t\t<\/span>\n\t\t<\/div>\n\t\t<header class=\"qt-header\">\n\t\t\t<div class=\"qt-headings\" data-activatecard>\n\t\t\t\t<span class=\"qt-tags\">\n\t\t\t\t\t<a href=\"https:\/\/oxsa.ch\/temp\/category\/music-production\/\">Music Production<\/a>\t\t\t\t<\/span>\n\t\t\t\t<h3 class=\"qt-title\">Mix \/ Mastering<\/h3>\n\t\t\t\t<span class=\"qt-details qt-item-metas\">\n\t\t\t\t\toxsa | 27 septembre 2021\t\t\t\t<\/span>\n\t\t\t\t<span class=\"qt-capseparator\"><\/span>\n\t\t\t\t<i class=\"material-icons qt-close\">close<\/i>\n\t\t\t<\/div>\n\n\t\t\t<div class=\"qt-actionbtn fixed-action-btn horizontal click-to-toggle\">\n\t\t\t\t<a href=\"https:\/\/oxsa.ch\/temp\/2021\/09\/27\/mix-mastering\/\" class=\"btn-floating btn-large qt-btn-primary\">\n\t\t\t\t\t<i class=\"material-icons\">add<\/i>\n\t\t\t\t<\/a>\n\t\t\t<\/div>\n\t\t\t<i class=\"material-icons qt-ho\" data-activatecard>keyboard_arrow_down<\/i>\n\t\t<\/header>\n\t\t<span data-color=\"#ff0f53\" class=\"qt-animation\"><\/span>\n\t\t<div class=\"qt-content\">\n\t\t\t<div class=\"qt-summary\">\n\t\t\t\t<p>J&rsquo;ai toujours cherch\u00e9 maitriser le maximum d&rsquo;aspects possible du son, autant la musique que l&rsquo;ing\u00e9nierie sonore. Modeler, mixer, sculpter le son et le mettre en espace sont devenue une vrai passion. Au travers de mes productions, je \u00a0cherche sans cesse le son le plus expressifs et agr\u00e9ables possible. Trouver comment [&hellip;]<\/p>\n\t\t\t<\/div>\n\t\t\t<footer class=\"qt-item-metas\">\n\t\t\t\t<a href=\"https:\/\/oxsa.ch\/temp\/2021\/09\/27\/mix-mastering\/\">Read more <i class='material-icons'>arrow_forward<\/i><\/a>\n\t\t\t<\/footer>\n\t\t<\/div>\n\t<\/div>\n<\/article>\t\t\t\t<\/div>\n\t\t\t\t\n\t\t\t<\/div>\n\n\t\t\t\n\t\t\t<!--  POSTS CAROUSEL END ================================================== -->\n\t\t\t\t\t\t<hr class=\"qt-spacer-s\">\n\t\t\t\t<div class=\"row qt-mediagallery\">\n\t\t\t\t\t\t\t\t<div class=\"col l3 s3 m3\" data-bgimage=\"https:\/\/oxsa.ch\/temp\/wp-content\/uploads\/2021\/10\/Nicolas-Fraissinet-1-1.jpg\">\n\t\t\t\t\t\t<a href=\"https:\/\/www.youtube.com\/watch?v=sEYuo3LLVzw\" title=\"Nicolas Fraissinet - Des \u00e9toiles dans les yeux (Chanson Fran\u00e7aise)\" class=\"qt-disableembedding\">\n\t\t\t\t\t\t\t<i class='material-icons'>zoom_in<\/i>\n\t\t\t\t\t\t\t<span class=\"qt-t qt-capfont\">Nicolas Fraissinet - Des \u00e9toiles dans les yeux (Chanson Fran\u00e7aise)<\/span>\n\t\t\t\t\t\t\t<span class=\"qt-frame\"><\/span>\n\t\t\t\t\t\t<\/a>\n\t\t\t\t\t<\/div>\n\t\t\t\t\t\t\t\t\t\t<div class=\"col l3 s3 m3\" data-bgimage=\"https:\/\/oxsa.ch\/temp\/wp-content\/uploads\/2021\/10\/O-Debit-1-1-756x756.jpg\">\n\t\t\t\t\t\t<a href=\"https:\/\/www.youtube.com\/watch?v=NaOm9nhCd7E&#038;list=PLb4qt5fPGG1gYi4mIXDnE9U32G-a0hsIH&#038;index=11\" title=\"\u00d4 D\u00e9bit - Le Cadre (HipHop)\" class=\"qt-disableembedding\">\n\t\t\t\t\t\t\t<i class='material-icons'>zoom_in<\/i>\n\t\t\t\t\t\t\t<span class=\"qt-t qt-capfont\">\u00d4 D\u00e9bit - Le Cadre (HipHop)<\/span>\n\t\t\t\t\t\t\t<span class=\"qt-frame\"><\/span>\n\t\t\t\t\t\t<\/a>\n\t\t\t\t\t<\/div>\n\t\t\t\t\t\t\t\t\t\t<div class=\"col l3 s3 m3\" data-bgimage=\"https:\/\/oxsa.ch\/temp\/wp-content\/uploads\/2021\/10\/JOELLE.MAURIS.Cover_.3000x3000-290x290-2.jpg\">\n\t\t\t\t\t\t<a href=\"https:\/\/www.youtube.com\/watch?v=leaCczgeX-8\" title=\"Jo\u00eblle Mauris - Mon plus bel H\u00e9ritage (Duo Violoncelle Piano \/ Chanson)\" class=\"qt-disableembedding\">\n\t\t\t\t\t\t\t<i class='material-icons'>zoom_in<\/i>\n\t\t\t\t\t\t\t<span class=\"qt-t qt-capfont\">Jo\u00eblle Mauris - Mon plus bel H\u00e9ritage (Duo Violoncelle Piano \/ Chanson)<\/span>\n\t\t\t\t\t\t\t<span class=\"qt-frame\"><\/span>\n\t\t\t\t\t\t<\/a>\n\t\t\t\t\t<\/div>\n\t\t\t\t\t\t\t\t\t\t<div class=\"col l3 s3 m3\" data-bgimage=\"https:\/\/oxsa.ch\/temp\/wp-content\/uploads\/2021\/10\/big-o_1du0a794v1k2r18bq1kv6197t19fma-1-756x332.jpg\">\n\t\t\t\t\t\t<a href=\"https:\/\/vimeo.com\/254826662\" title=\"Film Documentaire - Objectif Sauvage\" class=\"qt-disableembedding\">\n\t\t\t\t\t\t\t<i class='material-icons'>zoom_in<\/i>\n\t\t\t\t\t\t\t<span class=\"qt-t qt-capfont\">Film Documentaire - Objectif Sauvage<\/span>\n\t\t\t\t\t\t\t<span class=\"qt-frame\"><\/span>\n\t\t\t\t\t\t<\/a>\n\t\t\t\t\t<\/div>\n\t\t\t\t\t\t\t<\/div>\n\t\t[\/vc_column][\/vc_row][vc_row][vc_column]\t\t\t<hr class=\"qt-spacer-s\">\n\t\t\t\t<h2 id=\"qttabsdadada-tell-me-about-your-project\" class=\"qt-center qt-qttabsdadada-tell-me-about-your-project qt-textfx-wrap qt-fontsize-h1\">\n\t\t\t\t\t\t\t\t\n\t\t\t\t\t<span class=\"qt-txtfx qt-txtfx--newyork\">Tell me about your project <span data-letters=\"Tell me about your project \"><\/span><span data-letters=\"Tell me about your project \"><\/span><\/span>\n\t\t\t\t\t\t\t<\/h2>\n\t\t\t\t<div data-kentha-customstyles=\"\/* Shortcode dynamically generated CSS *\/\n\t\t\t\t\t.qt-qttabsdadada-tell-me-about-your-project .qt-txtfx--newyork { color: #dedede}\n\t\t\t\t\t.qt-qttabsdadada-tell-me-about-your-project .qt-txtfx--newyork span::before { color: #999}\n\t\t\t\t\t.qt-qttabsdadada-tell-me-about-your-project .qt-txtfx--newyork::before { background: #f00}\"><\/div>\n\t\t<div role=\"form\" class=\"wpcf7\" id=\"wpcf7-f914-o1\" lang=\"en-US\" dir=\"ltr\">\n<div class=\"screen-reader-response\"><p role=\"status\" aria-live=\"polite\" aria-atomic=\"true\"><\/p> <ul><\/ul><\/div>\n<form action=\"\/temp\/wp-json\/wp\/v2\/pages\/1948#wpcf7-f914-o1\" method=\"post\" class=\"wpcf7-form init\" novalidate=\"novalidate\" data-status=\"init\">\n<div style=\"display: none;\">\n<input type=\"hidden\" name=\"_wpcf7\" value=\"914\" \/>\n<input type=\"hidden\" name=\"_wpcf7_version\" value=\"5.5.2\" \/>\n<input type=\"hidden\" name=\"_wpcf7_locale\" value=\"en_US\" \/>\n<input type=\"hidden\" name=\"_wpcf7_unit_tag\" value=\"wpcf7-f914-o1\" \/>\n<input type=\"hidden\" name=\"_wpcf7_container_post\" value=\"0\" \/>\n<input type=\"hidden\" name=\"_wpcf7_posted_data_hash\" value=\"\" \/>\n<\/div>\n<div class=\"input-field\">\n<input type=\"text\" name=\"your-name\" value=\"\" size=\"40\" class=\"wpcf7-form-control wpcf7-text wpcf7-validates-as-required\" id=\"your-name\" aria-required=\"true\" aria-invalid=\"false\" \/><br \/>\n<label for=\"your-name\">First Name<\/label>\n<\/div>\n<div class=\"input-field\">\n<input type=\"email\" name=\"your-email\" value=\"\" size=\"40\" class=\"wpcf7-form-control wpcf7-text wpcf7-email wpcf7-validates-as-required wpcf7-validates-as-email\" id=\"your-email\" aria-required=\"true\" aria-invalid=\"false\" \/><br \/>\n<label for=\"your-email\">Email<\/label>\n<\/div>\n<div class=\"input-field\">\n<input type=\"text\" name=\"your-subject\" value=\"\" size=\"40\" class=\"wpcf7-form-control wpcf7-text wpcf7-validates-as-required\" id=\"your-subject\" aria-required=\"true\" aria-invalid=\"false\" \/><br \/>\n<label for=\"your-subject\">Subject<\/label>\n<\/div>\n<div class=\"input-field\">\n<textarea name=\"your-message\" cols=\"40\" rows=\"10\" class=\"wpcf7-form-control wpcf7-textarea materialize-textarea\" id=\"your-message\" aria-invalid=\"false\"><\/textarea><br \/>\n<label for=\"your-message\">Message<\/label>\n<\/div>\n<p><input type=\"submit\" value=\"Envoyer\" class=\"wpcf7-form-control has-spinner wpcf7-submit\" \/><\/p>\n<div class=\"wpcf7-response-output\" aria-hidden=\"true\"><\/div><\/form><\/div>[\/vc_column][\/vc_row]<\/p>\n","protected":false},"excerpt":{"rendered":"<p>[vc_row][vc_column][\/vc_column][\/vc_row][vc_row][vc_column][\/vc_column][\/vc_row]<\/p>\n","protected":false},"author":2,"featured_media":0,"parent":0,"menu_order":0,"comment_status":"closed","ping_status":"closed","template":"","meta":{"_monsterinsights_skip_tracking":false,"_monsterinsights_sitenote_active":false,"_monsterinsights_sitenote_note":"","_monsterinsights_sitenote_category":0,"footnotes":""},"class_list":["post-1948","page","type-page","status-publish","hentry"],"_links":{"self":[{"href":"https:\/\/oxsa.ch\/temp\/wp-json\/wp\/v2\/pages\/1948","targetHints":{"allow":["GET"]}}],"collection":[{"href":"https:\/\/oxsa.ch\/temp\/wp-json\/wp\/v2\/pages"}],"about":[{"href":"https:\/\/oxsa.ch\/temp\/wp-json\/wp\/v2\/types\/page"}],"author":[{"embeddable":true,"href":"https:\/\/oxsa.ch\/temp\/wp-json\/wp\/v2\/users\/2"}],"replies":[{"embeddable":true,"href":"https:\/\/oxsa.ch\/temp\/wp-json\/wp\/v2\/comments?post=1948"}],"version-history":[{"count":3,"href":"https:\/\/oxsa.ch\/temp\/wp-json\/wp\/v2\/pages\/1948\/revisions"}],"predecessor-version":[{"id":2066,"href":"https:\/\/oxsa.ch\/temp\/wp-json\/wp\/v2\/pages\/1948\/revisions\/2066"}],"wp:attachment":[{"href":"https:\/\/oxsa.ch\/temp\/wp-json\/wp\/v2\/media?parent=1948"}],"curies":[{"name":"wp","href":"https:\/\/api.w.org\/{rel}","templated":true}]}}